{"id":598,"date":"2014-06-30T12:10:53","date_gmt":"2014-06-30T11:10:53","guid":{"rendered":"http:\/\/www.exotimex.nl\/home-2\/"},"modified":"2021-01-04T17:01:16","modified_gmt":"2021-01-04T16:01:16","slug":"home","status":"publish","type":"page","link":"https:\/\/www.exotimex.nl\/fr\/","title":{"rendered":"Home"},"content":{"rendered":"<p>[vc_row][vc_column][vc_column_text]\n\t\t\t<!-- START slider001 REVOLUTION SLIDER 6.6.5 --><p class=\"rs-p-wp-fix\"><\/p>\n\t\t\t<rs-module-wrap id=\"rev_slider_7_1_wrapper\" data-source=\"gallery\" data-aimg=\"\"  style=\"visibility:hidden;background:#E9E9E9;padding:0;margin:0px auto;margin-top:0;margin-bottom:0;\">\n\t\t\t\t<rs-module id=\"rev_slider_7_1\" style=\"\" data-version=\"6.6.5\">\n\t\t\t\t\t<rs-slides style=\"overflow: hidden; position: absolute;\">\n\t\t\t\t\t\t<rs-slide style=\"position: absolute;\" data-key=\"rs-137\" data-title=\"Slide\" data-anim=\"ms:300;r:0;\" data-in=\"o:1;\" data-out=\"o:1;\">\n\t\t\t\t\t\t\t<img src=\"\/\/www.exotimex.nl\/wp-content\/plugins\/revslider\/public\/assets\/assets\/dummy.png\" alt=\"\" title=\"exotimex_omslag_1920x800_home_1\" width=\"1920\" height=\"800\" class=\"rev-slidebg tp-rs-img rs-lazyload\" data-lazyload=\"\/\/www.exotimex.nl\/wp-content\/uploads\/2021\/01\/exotimex_omslag_1920x800_home_1.jpg\" data-bg=\"p:center top;\" data-no-retina>\n<!--\n\t\t\t\t\t\t\t--><rs-layer\n\t\t\t\t\t\t\t\tid=\"slider-7-slide-137-layer-0\" \n\t\t\t\t\t\t\t\tclass=\"slagschaduw exotimex-kop\"\n\t\t\t\t\t\t\t\tdata-type=\"text\"\n\t\t\t\t\t\t\t\tdata-color=\"#ffffff\"\n\t\t\t\t\t\t\t\tdata-rsp_ch=\"on\"\n\t\t\t\t\t\t\t\tdata-xy=\"y:b;yo:50px;\"\n\t\t\t\t\t\t\t\tdata-text=\"s:42;l:50;fw:300;\"\n\t\t\t\t\t\t\t\tdata-frame_1=\"st:500;\"\n\t\t\t\t\t\t\t\tdata-frame_999=\"st:8400;auto:true;\"\n\t\t\t\t\t\t\t\tstyle=\"z-index:5;font-family:'Roboto Condensed', 'sans-serif';font-style:italic;\"\n\t\t\t\t\t\t\t>Exotimex Europe BV est sp\u00e9cialis\u00e9 dans<br \/>\nl\u2019import-export de l\u00e9gumes et fruits.  \n\t\t\t\t\t\t\t<\/rs-layer><!--\n-->\t\t\t\t\t\t<\/rs-slide>\n\t\t\t\t\t\t<rs-slide style=\"position: absolute;\" data-key=\"rs-129\" data-title=\"Slide\" data-anim=\"ms:300;r:0;\" data-in=\"o:1;\" data-out=\"o:1;\">\n\t\t\t\t\t\t\t<img src=\"\/\/www.exotimex.nl\/wp-content\/plugins\/revslider\/public\/assets\/assets\/dummy.png\" alt=\"exotimex_omslag_1920x800_8.jpg\" title=\"exotimex_omslag_1920x800_8.jpg\" width=\"1920\" height=\"800\" class=\"rev-slidebg tp-rs-img rs-lazyload\" data-lazyload=\"\/\/www.exotimex.nl\/wp-content\/uploads\/revslider\/slider001\/exotimex_omslag_1920x800_8.jpg\" data-bg=\"p:center top;\" data-no-retina>\n<!--\n\t\t\t\t\t\t\t--><rs-layer\n\t\t\t\t\t\t\t\tid=\"slider-7-slide-129-layer-2\" \n\t\t\t\t\t\t\t\tclass=\"slagschaduw exotimex-kop\"\n\t\t\t\t\t\t\t\tdata-type=\"text\"\n\t\t\t\t\t\t\t\tdata-color=\"#ffffff\"\n\t\t\t\t\t\t\t\tdata-rsp_ch=\"on\"\n\t\t\t\t\t\t\t\tdata-xy=\"y:b;yo:50px;\"\n\t\t\t\t\t\t\t\tdata-text=\"s:42;l:50;fw:300;\"\n\t\t\t\t\t\t\t\tdata-frame_1=\"st:500;\"\n\t\t\t\t\t\t\t\tdata-frame_999=\"st:8400;auto:true;\"\n\t\t\t\t\t\t\t\tstyle=\"z-index:5;font-family:'Roboto Condensed', 'sans-serif';font-style:italic;\"\n\t\t\t\t\t\t\t>Exotimex Europe BV est sp\u00e9cialis\u00e9 dans<br \/>\nl\u2019import-export de l\u00e9gumes et fruits.  \n\t\t\t\t\t\t\t<\/rs-layer><!--\n-->\t\t\t\t\t\t<\/rs-slide>\n\t\t\t\t\t<\/rs-slides>\n\t\t\t\t\t<rs-static-layers><!--\n\t\t\t\t\t--><\/rs-static-layers>\n\t\t\t\t<\/rs-module>\n\t\t\t\t<script>\n\t\t\t\t\tsetREVStartSize({c: 'rev_slider_7_1',rl:[1240,1024,778,480],el:[450],gw:[960],gh:[450],type:'standard',justify:'',layout:'fullwidth',mh:\"0\"});if (window.RS_MODULES!==undefined && window.RS_MODULES.modules!==undefined && window.RS_MODULES.modules[\"revslider71\"]!==undefined) {window.RS_MODULES.modules[\"revslider71\"].once = false;window.revapi7 = undefined;if (window.RS_MODULES.checkMinimal!==undefined) window.RS_MODULES.checkMinimal()}\n\t\t\t\t<\/script>\n\t\t\t<\/rs-module-wrap>\n\t\t\t<!-- END REVOLUTION SLIDER -->\n[\/vc_column_text][\/vc_column][\/vc_row][vc_row][vc_column][vc_column_text][\/vc_column_text][\/vc_column][\/vc_row][vc_row margin_top=\u00a0\u00bb0&Prime; margin_bottom=\u00a0\u00bb0&Prime; padding_left=\u00a0\u00bb40&Prime; padding_right=\u00a0\u00bb40&Prime; animation=\u00a0\u00bb\u00a0\u00bb type=\u00a0\u00bb\u00a0\u00bb bg_color=\u00a0\u00bb\u00a0\u00bb bg_position=\u00a0\u00bbtop\u00a0\u00bb bg_repeat=\u00a0\u00bbno-repeat\u00a0\u00bb bg_cover=\u00a0\u00bbfalse\u00a0\u00bb bg_attachment=\u00a0\u00bbfalse\u00a0\u00bb padding_top=\u00a0\u00bb40&Prime; padding_bottom=\u00a0\u00bb40&Prime; enable_parallax=\u00a0\u00bb\u00a0\u00bb parallax_speed=\u00a0\u00bb0.1&Prime; bg_video_src_mp4=\u00a0\u00bb\u00a0\u00bb bg_video_src_ogv=\u00a0\u00bb\u00a0\u00bb bg_video_src_webm=\u00a0\u00bb\u00a0\u00bb][vc_column width=\u00a0\u00bb1\/2&Prime;][vc_column_text el_class=\u00a0\u00bbhome-tekst\u00a0\u00bb]<br \/>\nExotimex Europe BV est sp\u00e9cialis\u00e9 dans l\u2019import-export de l\u00e9gumes et fruits. En juillet 2001 Exotimex Europe BV a repris les activit\u00e9s de la soci\u00e9t\u00e9 Exotimex fond\u00e9e en 1987.<\/p>\n<p>L\u2019assortiment s\u2019adresse surtout aux march\u00e9s ethniques en Europe. Les bananes plantains, les cassaves, l\u2019ail, les patates douces et les yams font partie des produits principaux. Avec aussi des produits comme le gingembre, l\u2019eddoe, le yams de coco dans notre assortiment, nous sommes en droit de nous nommer sp\u00e9cialiste en racines.<\/p>\n<p>Exotimex Europe BV travaille avec un petit groupe de personnes. Cela permet de faire en sorte que les lignes soient courtes et d\u2019intervenir rapidement lorsque la situation le n\u00e9cessite. Les relations avec les fournisseurs et les clients sont directes et personnelles. Construire une relation et l\u2019entretenir est pour nous tr\u00e8s important. C\u2019est aussi pourquoi nous rendons r\u00e9guli\u00e8rement visite \u00e0 nos fournisseurs et \u00e0 nos clients. Ainsi nous restons bien au courant de la production et de la vente des produits. Lors des visites dans les r\u00e9gions de production et des postes d\u2019emballage, nous dispensons des conseils aux producteurs. Cela peut \u00eatre des conseils en logistique, production ou am\u00e9lioration des conditions de travail. Les tendances et la l\u00e9gislation sur l\u2019utilisation de pesticides font aussi syst\u00e9matiquement partie des discussions lors des rencontres avec les fournisseurs et les clients.<\/p>\n<p>Comme pays fournisseurs les plus importants il faut citer la Chine, l\u2019Equateur, le Costa Rica, le Br\u00e9sil, le Ghana et l\u2019Afrique du Sud. Notre march\u00e9 couvre vraiment toute l\u2019Europe\u2026<br \/>\n[\/vc_column_text][\/vc_column][vc_column width=\u00a0\u00bb1\/2&Prime;][vc_single_image image=\u00a0\u00bb1937&Prime; img_size=\u00a0\u00bbfull\u00a0\u00bb][\/vc_column][\/vc_row]<\/p>\n","protected":false},"excerpt":{"rendered":"<p>[vc_row][vc_column][vc_column_text][\/vc_column_text][\/vc_column][\/vc_row][vc_row][vc_column][vc_column_text][\/vc_column_text][\/vc_column][\/vc_row][vc_row margin_top=\u00a0\u00bb0&Prime; margin_bottom=\u00a0\u00bb0&Prime; padding_left=\u00a0\u00bb40&Prime; padding_right=\u00a0\u00bb40&Prime; animation=\u00a0\u00bb\u00a0\u00bb type=\u00a0\u00bb\u00a0\u00bb bg_color=\u00a0\u00bb\u00a0\u00bb bg_position=\u00a0\u00bbtop\u00a0\u00bb bg_repeat=\u00a0\u00bbno-repeat\u00a0\u00bb bg_cover=\u00a0\u00bbfalse\u00a0\u00bb bg_attachment=\u00a0\u00bbfalse\u00a0\u00bb padding_top=\u00a0\u00bb40&Prime; padding_bottom=\u00a0\u00bb40&Prime; enable_parallax=\u00a0\u00bb\u00a0\u00bb parallax_speed=\u00a0\u00bb0.1&Prime; bg_video_src_mp4=\u00a0\u00bb\u00a0\u00bb bg_video_src_ogv=\u00a0\u00bb\u00a0\u00bb bg_video_src_webm=\u00a0\u00bb\u00a0\u00bb][vc_column width=\u00a0\u00bb1\/2&Prime;][vc_column_text el_class=\u00a0\u00bbhome-tekst\u00a0\u00bb] Exotimex Europe BV est sp\u00e9cialis\u00e9 dans l\u2019import-export de l\u00e9gumes et fruits. En juillet 2001 Exotimex Europe BV a repris les activit\u00e9s de la soci\u00e9t\u00e9 Exotimex fond\u00e9e en 1987. L\u2019assortiment s\u2019adresse surtout aux march\u00e9s ethniques&hellip;<\/p>\n","protected":false},"author":2,"featured_media":0,"parent":0,"menu_order":0,"comment_status":"closed","ping_status":"closed","template":"","meta":{"inline_featured_image":false},"_links":{"self":[{"href":"https:\/\/www.exotimex.nl\/fr\/wp-json\/wp\/v2\/pages\/598"}],"collection":[{"href":"https:\/\/www.exotimex.nl\/fr\/wp-json\/wp\/v2\/pages"}],"about":[{"href":"https:\/\/www.exotimex.nl\/fr\/wp-json\/wp\/v2\/types\/page"}],"author":[{"embeddable":true,"href":"https:\/\/www.exotimex.nl\/fr\/wp-json\/wp\/v2\/users\/2"}],"replies":[{"embeddable":true,"href":"https:\/\/www.exotimex.nl\/fr\/wp-json\/wp\/v2\/comments?post=598"}],"version-history":[{"count":36,"href":"https:\/\/www.exotimex.nl\/fr\/wp-json\/wp\/v2\/pages\/598\/revisions"}],"predecessor-version":[{"id":1966,"href":"https:\/\/www.exotimex.nl\/fr\/wp-json\/wp\/v2\/pages\/598\/revisions\/1966"}],"wp:attachment":[{"href":"https:\/\/www.exotimex.nl\/fr\/wp-json\/wp\/v2\/media?parent=598"}],"curies":[{"name":"wp","href":"https:\/\/api.w.org\/{rel}","templated":true}]}}

<p>[vc_row][vc_column][vc_column_text]
			<!-- START slider001 REVOLUTION SLIDER 6.6.5 --><p class="rs-p-wp-fix"></p>
			<rs-module-wrap id="rev_slider_7_1_wrapper" data-source="gallery" data-aimg=""  style="visibility:hidden;background:#E9E9E9;padding:0;margin:0px auto;margin-top:0;margin-bottom:0;">
				<rs-module id="rev_slider_7_1" style="" data-version="6.6.5">
					<rs-slides style="overflow: hidden; position: absolute;">
						<rs-slide style="position: absolute;" data-key="rs-137" data-title="Slide" data-anim="ms:300;r:0;" data-in="o:1;" data-out="o:1;">
							<img src="//www.exotimex.nl/wp-content/plugins/revslider/public/assets/assets/dummy.png" alt="" title="exotimex_omslag_1920x800_home_1" width="1920" height="800" class="rev-slidebg tp-rs-img rs-lazyload" data-lazyload="//www.exotimex.nl/wp-content/uploads/2021/01/exotimex_omslag_1920x800_home_1.jpg" data-bg="p:center top;" data-no-retina>
<!--
							--><rs-layer
								id="slider-7-slide-137-layer-0" 
								class="slagschaduw exotimex-kop"
								data-type="text"
								data-color="#ffffff"
								data-rsp_ch="on"
								data-xy="y:b;yo:50px;"
								data-text="s:42;l:50;fw:300;"
								data-frame_1="st:500;"
								data-frame_999="st:8400;auto:true;"
								style="z-index:5;font-family:'Roboto Condensed', 'sans-serif';font-style:italic;"
							>Exotimex Europe BV est spécialisé dans<br />
l’import-export de légumes et fruits.  
							</rs-layer><!--
-->						</rs-slide>
						<rs-slide style="position: absolute;" data-key="rs-129" data-title="Slide" data-anim="ms:300;r:0;" data-in="o:1;" data-out="o:1;">
							<img src="//www.exotimex.nl/wp-content/plugins/revslider/public/assets/assets/dummy.png" alt="exotimex_omslag_1920x800_8.jpg" title="exotimex_omslag_1920x800_8.jpg" width="1920" height="800" class="rev-slidebg tp-rs-img rs-lazyload" data-lazyload="//www.exotimex.nl/wp-content/uploads/revslider/slider001/exotimex_omslag_1920x800_8.jpg" data-bg="p:center top;" data-no-retina>
<!--
							--><rs-layer
								id="slider-7-slide-129-layer-2" 
								class="slagschaduw exotimex-kop"
								data-type="text"
								data-color="#ffffff"
								data-rsp_ch="on"
								data-xy="y:b;yo:50px;"
								data-text="s:42;l:50;fw:300;"
								data-frame_1="st:500;"
								data-frame_999="st:8400;auto:true;"
								style="z-index:5;font-family:'Roboto Condensed', 'sans-serif';font-style:italic;"
							>Exotimex Europe BV est spécialisé dans<br />
l’import-export de légumes et fruits.  
							</rs-layer><!--
-->						</rs-slide>
					</rs-slides>
					<rs-static-layers><!--
					--></rs-static-layers>
				</rs-module>
				<script>
					setREVStartSize({c: 'rev_slider_7_1',rl:[1240,1024,778,480],el:[450],gw:[960],gh:[450],type:'standard',justify:'',layout:'fullwidth',mh:"0"});if (window.RS_MODULES!==undefined && window.RS_MODULES.modules!==undefined && window.RS_MODULES.modules["revslider71"]!==undefined) {window.RS_MODULES.modules["revslider71"].once = false;window.revapi7 = undefined;if (window.RS_MODULES.checkMinimal!==undefined) window.RS_MODULES.checkMinimal()}
				</script>
			</rs-module-wrap>
			<!-- END REVOLUTION SLIDER -->
[/vc_column_text][/vc_column][/vc_row][vc_row][vc_column][vc_column_text][/vc_column_text][/vc_column][/vc_row][vc_row margin_top= »0&Prime; margin_bottom= »0&Prime; padding_left= »40&Prime; padding_right= »40&Prime; animation= » » type= » » bg_color= » » bg_position= »top » bg_repeat= »no-repeat » bg_cover= »false » bg_attachment= »false » padding_top= »40&Prime; padding_bottom= »40&Prime; enable_parallax= » » parallax_speed= »0.1&Prime; bg_video_src_mp4= » » bg_video_src_ogv= » » bg_video_src_webm= » »][vc_column width= »1/2&Prime;][vc_column_text el_class= »home-tekst »]<br />
Exotimex Europe BV est spécialisé dans l’import-export de légumes et fruits. En juillet 2001 Exotimex Europe BV a repris les activités de la société Exotimex fondée en 1987.</p>
<p>L’assortiment s’adresse surtout aux marchés ethniques en Europe. Les bananes plantains, les cassaves, l’ail, les patates douces et les yams font partie des produits principaux. Avec aussi des produits comme le gingembre, l’eddoe, le yams de coco dans notre assortiment, nous sommes en droit de nous nommer spécialiste en racines.</p>
<p>Exotimex Europe BV travaille avec un petit groupe de personnes. Cela permet de faire en sorte que les lignes soient courtes et d’intervenir rapidement lorsque la situation le nécessite. Les relations avec les fournisseurs et les clients sont directes et personnelles. Construire une relation et l’entretenir est pour nous très important. C’est aussi pourquoi nous rendons régulièrement visite à nos fournisseurs et à nos clients. Ainsi nous restons bien au courant de la production et de la vente des produits. Lors des visites dans les régions de production et des postes d’emballage, nous dispensons des conseils aux producteurs. Cela peut être des conseils en logistique, production ou amélioration des conditions de travail. Les tendances et la législation sur l’utilisation de pesticides font aussi systématiquement partie des discussions lors des rencontres avec les fournisseurs et les clients.</p>
<p>Comme pays fournisseurs les plus importants il faut citer la Chine, l’Equateur, le Costa Rica, le Brésil, le Ghana et l’Afrique du Sud. Notre marché couvre vraiment toute l’Europe…<br />
[/vc_column_text][/vc_column][vc_column width= »1/2&Prime;][vc_single_image image= »1937&Prime; img_size= »full »][/vc_column][/vc_row]</p>

<p>[vc_row][vc_column][vc_column_text][/vc_column_text][/vc_column][/vc_row][vc_row][vc_column][vc_column_text][/vc_column_text][/vc_column][/vc_row][vc_row margin_top= »0&Prime; margin_bottom= »0&Prime; padding_left= »40&Prime; padding_right= »40&Prime; animation= » » type= » » bg_color= » » bg_position= »top » bg_repeat= »no-repeat » bg_cover= »false » bg_attachment= »false » padding_top= »40&Prime; padding_bottom= »40&Prime; enable_parallax= » » parallax_speed= »0.1&Prime; bg_video_src_mp4= » » bg_video_src_ogv= » » bg_video_src_webm= » »][vc_column width= »1/2&Prime;][vc_column_text el_class= »home-tekst »] Exotimex Europe BV est spécialisé dans l’import-export de légumes et fruits. En juillet 2001 Exotimex Europe BV a repris les activités de la société Exotimex fondée en 1987. L’assortiment s’adresse surtout aux marchés ethniques&hellip;</p>
